15789213 is divided by 52?
37
What is the remainder when 321094 is divided by 1508?
1398
What is the remainder when 488102387 is divided by 537?
533
What is the remainder when 2355456 is divided by 2597?
2574
Calculate the remainder when 22816231 is divided by 1557.
1510
What is the remainder when 1868964 is divided by 1868954?
10
Calculate the remainder when 28369 is divided by 25011.
3358
Calculate the remainder when 1942869 is divided by 2691.
2658
What is the remainder when 41358 is divided by 13783?
9
What is the remainder when 74311 is divided by 14555?
1536
What is the remainder when 207980 is divided by 25973?
196
Calculate the remainder when 7278063 is divided by 304.
303
Calculate the remainder when 2926185 is divided by 1612.
405
What is the remainder when 583338 is divided by 299?
288
Calculate the remainder when 3338208 is divided by 39.
3
What is the remainder when 939498945 is divided by 153?
150
Calculate the remainder when 2140783 is divided by 76456.
15
What is the remainder when 354900 is divided by 177174?
552
What is the remainder when 260786 is divided by 3259?
66
Calculate the remainder when 23234341 is divided by 118542.
109
Calculate the remainder when 1457772 is divided by 1281.
1275
What is the remainder when 7301903 is divided by 930?
473
Calculate the remainder when 3537797 is divided by 1929.
11
What is the remainder when 383045517 is divided by 1560?
1557
What is the remainder when 1036772 is divided by 51838?
12
Calculate the remainder when 7699062 is divided by 6558.
6528
What is the remainder when 360507 is divided by 4621?
69
Calculate the remainder when 467887950 is divided by 116971984.
14
What is the remainder when 4604443 is divided by 1534675?
418
Calculate the remainder when 89980 is divided by 2727.
2716
What is the remainder when 40339 is divided by 12627?
2458
What is the remainder when 14725 is divided by 1740?
805
What is the remainder when 400516 is divided by 6241?
1092
What is the remainder when 914647 is divided by 235?
27
Calculate the remainder when 21288 is divided by 9047.
3194
What is the remainder when 121996336 is divided by 61?
57
What is the remainder when 1755374 is divided by 1340?
1314
Calculate the remainder when 25263699 is divided by 1925.
1924
Calculate the remainder when 5815874 is divided by 43.
38
Calculate the remainder when 6641330 is divided by 1106875.
80
Calculate the remainder when 193394 is divided by 45822.
10106
Calculate the remainder when 944875 is divided by 18168.
139
What is the remainder when 3344804 is divided by 764?
12
Calculate the remainder when 532983 is divided by 177643.
54
What is the remainder when 25220598 is divided by 4203420?
78
What is the remainder when 4970481 is divided by 4970459?
22
Calculate the remainder when 378536 is divided by 54073.
25
What is the remainder when 226964 is divided by 11777?
3201
Calculate the remainder when 2058995 is divided by 405.
380
Calculate the remainder when 39922975 is divided by 6160.
15
What is the remainder when 758805 is divided by 1400?
5
Calculate the remainder when 59516 is divided by 59466.
50
Calculate the remainder when 5015761 is divided by 1532.
1525
Calculate the remainder when 67229 is divided by 651.
176
Calculate the remainder when 3072143 is divided by 1024030.
53
Calculate the remainder when 23979086 is divided by 312.
14
What is the remainder when 198687 is divided by 11651?
620
Calculate the remainder when 682563 is divided by 37.
24
Calculate the remainder when 21810183 is divided by 2074.
2073
What is the remainder when 9851571 is divided by 1147?
1135
What is the remainder when 490589 is divided by 6347?
1870
What is the remainder when 383529 is divided by 181?
171
Calculate the remainder when 470288 is divided by 58782.
32
What is the remainder when 4014361 is divided by 94?
91
What is the remainder when 32870 is divided by 8180?
150
Calculate the remainder when 538490 is divided by 6074.
3978
Calculate the remainder when 9732824 is divided by 434.
374
What is the remainder when 34806222 is divided by 25?
22
Calculate the remainder when 10003182 is divided by 241.
236
Calculate the remainder when 3037 is divided by 1651.
1386
What is the remainder when 1153223992 is divided by 6617?
6615
Calculate the remainder when 23986 is divided by 5867.
518
What is the remainder when 577376 is divided by 82456?
184
What is the remainder when 30919478 is divided by 7?
2
What is the remainder when 2928110 is divided by 133090?
130
Calculate the remainder when 4557303 is divided by 184.
175
What is the remainder when 2672853 is divided by 48?
21
What is the remainder when 308816 is divided by 44023?
655
Calculate the remainder when 267048 is divided by 11609.
41
What is the remainder when 11594909 is divided by 1507?
51
What is the remainder when 14081 is divided by 632?
177
Calculate the remainder when 823531 is divided by 22870.
211
Calculate the remainder when 9161037 is divided by 1148.
1145
Calculate the remainder when 98393 is divided by 6558.
23
What is the remainder when 326010 is divided by 282?
18
What is the remainder when 3026377 is divided by 975?
952
What is the remainder when 361817889 is divided by 1483?
1481
Calculate the remainder when 2222977 is divided by 770.
757
What is the remainder when 25116444 is divided by 2434?
2432
What is the remainder when 138788 is divided by 9663?
3506
What is the remainder when 719681 is divided by 214?
213
What is the remainder when 25967 is divided by 356?
335
Calculate the remainder when 1250361 is divided by 3256.
57
Calculate the remainder when 709793 is divided by 354887.
19
Calculate the remainder when 188752 is divided by 62916.
4
Calculate the remainder when 5830411 is divided by 166.
159
Calculate the remainder when 16547 is divided by 8104.
339
What is the remainder when 26991772 is divided by 159?
91
What is the remainder when 145897 is divided by 18?
7
Calculate the remainder when 18349666 is divided by 81554.
16
What is the remainder when 474300 is divided by 605?
585
What is the remainder when 24335248 is divided by 71?
69
What is the remainder when 662363 is divided by 220787?
2
Calculate the remainder when 8979 is divided by 1761.
174
Calculate the remainder when 89331525 is divided by 3432.
3429
Calculate the remainder when 1774282 is divided by 354853.
17
What is the remainder when 1962687 is divided by 196267?
17
What is the remainder when 78292218 is divided by 26097406?
0
Calculate the remainder when 44619330 is divided by 18.
12
What is the remainder when 2436785 is divided by 15?
5
What is the remainder when 47842 is divided by 7083?
5344
What is the remainder when 785203 is divided by 485?
473
Calculate the remainder when 57542 is divided by 1848.
254
Calculate the remainder when 14847299 is divided by 7423639.
21
What is the remainder when 89138734 is divided by 185?
184
What is the remainder when 312203 is divided by 4591?
15
Calculate the remainder when 203206521 is divided by 2979.
2973
Calculate the remainder when 53525041 is divided by 151.
71
Calculate the remainder when 5464361 is divided by 336.
329
What is the remainder when 182981419 is divided by 63?
61
What is the remainder when 8094406 is divided by 120812?
2
What is the remainder when 3310744 is divided by 430?
174
What is the remainder when 1190295 is divided by 317?
277
Calculate the remainder when 30444 is divided by 14023.
2398
What is the remainder when 11458950 is divided by 818473?
328
Calculate the remainder when 706663 is divided by 199.
14
What is the remainder when 805837 is divided by 2421?
2065
What is the remainder when 7733009 is divided by 868?
865
Calculate the remainder when 534531 is divided by 1955.
816
What is the remainder when 28044 is divided by 27876?
168
What is the remainder when 4510387 is divided by 3787?
70
Calculate the remainder when 825310 is divided by 27499.
340
What is the remainder when 693685300 is divided by 26?
22
What is the remainder when 642721 is divided by 172?
129
What is the remainder when 278587 is divided by 5676?
463
What is the remainder when 388673 is divided by 97121?
189
Calculate the remainder when 167161 is divided by 7951.
190
What is the remainder when 213595 is divided by 106757?
81
Calculate the rem